at is the greatest common factor of 2863 and 413?
7
Calculate the greatest common divisor of 94 and 37083.
47
Calculate the highest common factor of 83881 and 92.
23
What is the greatest common divisor of 24702 and 2506?
358
What is the greatest common factor of 90 and 287775?
45
Calculate the highest common divisor of 10933 and 29.
29
Calculate the greatest common divisor of 84 and 350868.
84
What is the greatest common divisor of 62374 and 6552?
26
What is the highest common divisor of 35017 and 32490?
361
What is the greatest common divisor of 223618 and 34?
34
Calculate the highest common factor of 220612 and 16.
4
Calculate the greatest common factor of 907 and 8.
1
Calculate the highest common factor of 81 and 266949.
27
What is the greatest common factor of 24937 and 396?
11
What is the highest common factor of 469 and 1337990?
67
Calculate the highest common divisor of 783 and 6931.
29
Calculate the highest common divisor of 828 and 5436.
36
What is the greatest common factor of 44 and 63316?
44
What is the greatest common factor of 7007 and 60515?
637
What is the greatest common divisor of 960624 and 12?
12
Calculate the highest common factor of 16 and 18592.
16
What is the highest common factor of 164671 and 1195?
239
Calculate the highest common factor of 58 and 602.
2
What is the greatest common divisor of 14570 and 110?
10
What is the greatest common factor of 108387 and 18?
9
What is the greatest common factor of 89851 and 171?
19
What is the greatest common divisor of 4883 and 57?
19
What is the highest common divisor of 4417 and 8953?
7
What is the highest common factor of 1908 and 66348?
36
Calculate the highest common divisor of 16 and 29524.
4
Calculate the greatest common divisor of 18816 and 490.
98
What is the greatest common factor of 3402 and 1512?
378
Calculate the greatest common factor of 150 and 35446.
2
What is the highest common divisor of 9021 and 1116?
93
What is the greatest common divisor of 58 and 694434?
58
Calculate the highest common divisor of 320112 and 1040.
208
Calculate the greatest common factor of 64779 and 195.
39
Calculate the highest common divisor of 175 and 4.
1
What is the greatest common factor of 314000 and 9750?
250
Calculate the greatest common factor of 1050 and 170700.
150
Calculate the highest common divisor of 392 and 950012.
196
Calculate the highest common factor of 130 and 5410.
10
What is the highest common factor of 483 and 2185?
23
What is the greatest common factor of 27288 and 7164?
36
What is the highest common factor of 46656 and 49680?
432
What is the highest common divisor of 3346 and 2898?
14
What is the greatest common divisor of 415 and 219535?
415
Calculate the greatest common factor of 1331 and 106359.
121
What is the greatest common divisor of 612 and 185895?
153
Calculate the highest common factor of 45 and 233991.
9
Calculate the highest common divisor of 95568 and 6864.
528
Calculate the highest common divisor of 460 and 70160.
20
What is the highest common divisor of 90 and 125325?
45
Calculate the highest common divisor of 864 and 24597.
27
Calculate the greatest common divisor of 7 and 235775.
1
What is the greatest common divisor of 34 and 728263?
17
Calculate the greatest common divisor of 88 and 6592.
8
Calculate the highest common divisor of 2327 and 1365.
13
Calculate the highest common divisor of 5679198 and 548.
274
What is the highest common factor of 361 and 57?
19
What is the highest common divisor of 12672 and 27576?
72
Calculate the highest common factor of 321429 and 4605.
921
What is the highest common divisor of 905 and 794771?
181
Calculate the highest common factor of 8505 and 14511.
21
Calculate the greatest common divisor of 876492 and 4656.
1164
Calculate the greatest common divisor of 14036 and 363.
121
Calculate the highest common divisor of 9339 and 726.
33
What is the greatest common divisor of 14982 and 286?
22
Calculate the highest common factor of 9417 and 129.
129
Calculate the highest common divisor of 520 and 222040.
520
What is the highest common divisor of 76780 and 440?
220
What is the highest common divisor of 248564 and 4?
4
What is the highest common factor of 8416 and 832?
32
Calculate the greatest common factor of 8808 and 67416.
24
What is the greatest common factor of 31 and 735816?
31
What is the greatest common divisor of 40 and 141080?
40
Calculate the highest common factor of 6668 and 12.
4
Calculate the highest common factor of 310 and 258695.
155
What is the highest common divisor of 10897 and 272?
17
Calculate the highest common factor of 948 and 168.
12
Calculate the highest common divisor of 3510 and 84960.
90
What is the greatest common factor of 63 and 2899458?
9
What is the highest common factor of 2839 and 52605?
167
Calculate the greatest common factor of 61695 and 3330.
45
Calculate the greatest common divisor of 1053 and 884.
13
What is the highest common divisor of 22055 and 5665?
55
Calculate the greatest common factor of 310 and 111245.
5
Calculate the highest common factor of 228 and 47044.
76
What is the greatest common factor of 2237592 and 4788?
1596
What is the greatest common divisor of 987 and 1665398?
329
What is the highest common factor of 10710 and 57358?
238
Calculate the highest common divisor of 3056876 and 226.
226
Calculate the highest common factor of 12609 and 999.
27
Calculate the greatest common divisor of 300 and 65180.
20
Calculate the greatest common divisor of 2198 and 12246.
314
Calculate the highest common factor of 910763 and 147.
49
Calculate the highest common divisor of 9796 and 2294.
62
What is the highest common divisor of 4 and 19904?
4
Calculate the highest common factor of 3868008 and 24.
24
Calculate the greatest common factor of 73796 and 76.
76
What is the greatest common divisor of 75225 and 354?
177
Calculate the greatest common divisor of 7150 and 7425.
275
What is the highest common factor of 4828 and 18176?
284
What is the greatest common factor of 1158 and 1506?
6
Calculate the highest common divisor of 470052 and 4356.
396
Calculate the highest common factor of 89128 and 1274.
26
What is the highest common divisor of 130 and 601380?
130
Calculate the greatest common factor of 534 and 6675.
267
Calculate the highest common factor of 728 and 93968.
56
Calculate the highest common factor of 48903 and 6.
3
Calculate the highest common divisor of 8625 and 116265.
345
What is the greatest common divisor of 25038 and 90?
18
What is the highest common factor of 3332 and 437080?
196
Calculate the highest common factor of 56 and 26803.
7
What is the highest common divisor of 80 and 244180?
20
What is the highest common factor of 219954 and 42?
42
Calculate the greatest common factor of 37785 and 465.
15
Calculate the greatest common factor of 12844 and 16224.
676
What is the highest common factor of 343 and 13573?
49
What is the highest common divisor of 10995 and 10665?
15
What is the highest common divisor of 1375 and 4250?
125
What is the highest common factor of 836 and 13452?
76
What is the highest common factor of 6837 and 1961?
53
Calculate the greatest common factor of 214438 and 1666.
238
What is the greatest common divisor of 12 and 1912?
4
Calculate the highest common divisor of 126924 and 294.
42
Calculate the highest common divisor of 9616 and 17429.
601
What is the greatest common factor of 112406 and 28?
14
Calculate the greatest common factor of 4470 and 54900.
30
Calculate the greatest common divisor of 210 and 183225.
105
Calculate the greatest common factor of 1080 and 222165.
45
What is the greatest common divisor of 13 and 1993?
1
What is the greatest common divisor of 2266 and 235458?
206
Calculate the highest common factor of 2346048 and 432.
144
Calculate the greatest common factor of 774468 and 13632.
852
Calculate the greatest common divisor of 150 and 12675.
75
What is the greatest common factor of 84 and 1162224?
84
Calculate the greatest common factor of 19728 and 7848.
72
What is the highest common factor of 39 and 135889?
13
What is the highest common divisor of 173 and 287?
1
Calculate the highest common factor of 312 and 10959.
39
Calculate the highest common factor of 13 and 133900.
13
What is the greatest common factor of 19716 an